e 221 + (0 + 0)/(-4). Let h = -103 + j. Is h a prime number?
False
Is (-2148)/(-2) + -5 + 4 prime?
False
Let f = 38 + -44. Suppose h - 5*h - 20 = 0, 3*h + 15 = 2*w. Let l = w - f. Is l a composite number?
True
Let q(c) be the first derivative of 11*c**4/4 - c**3/3 - c**2/2 - 4*c - 3. Let s be q(4). Suppose s = 5*n - 3*j - 2*j, n - 4*j = 127. Is n prime?
True
Let f(v) = v**3 - 6*v**2 + 5*v + 8. Let d be f(4). Is 449 - d - (7 - 3) prime?
True
Suppose -d + 6212 - 1642 = 0. Suppose 4*v = 5*q - d, -q + 4*v + 402 + 528 = 0. Suppose -4*j + 1023 = n, -3*j - 4*n - 159 = -q. Is j a composite number?
False
Let p be 6 + -7 + ((-12)/(-3) - 1). Suppose -3*z = p*b - 663, 7*b - 15 = 2*b. Is z a composite number?
True
Let n = 230 + -138. Suppose n = 7*j - 5*j. Is j composite?
True
Let i be 3/(-2) - 19/(-2). Suppose -o - 47509 = -i*o. Is o a composite number?
True
Let v = 13 + -26. Let r(m) = -m - 10. Let d be r(v). Suppose -1319 = -d*y - 4*b, 2*y - 4*y = 5*b - 870. Is y a composite number?
True
Let m = -10 - -11. Suppose -2*a = -m - 397. Is a a prime number?
True
Let x(w) = 18*w**2 + w + 3. Let d be x(-2). Let y = -66 - -96. Let i = d - y. Is i prime?
True
Suppose -3*g + y = -8, 5*g - 11 = -y + 5*y. Is 18/27 - (-697)/g a composite number?
False
Let r = 17194 - 2295. Is r composite?
True
Let m(v) = -25*v**2 + 6*v - 16. Let p be m(-12). Let c = 5945 + p. Is c composite?
True
Suppose -13*a + 10523 + 49160 = 0. Is a composite?
False
Let z be ((-10)/(-2))/(2 - 1). Suppose -7 = -z*n + 8. Suppose -5*k + 2*v - 6*v = -595, -n*k - v = -350. Is k a composite number?
True
Suppose q = -2*g + 7494, 17*g = 13*g + 3*q + 14988. Is g a composite number?
True
Suppose v - 253 - 864 = 0. Is v prime?
True
Let g be (9 - 11)*(-4)/2. Let v = 0 - g. Is v/10 + (-3129)/(-35) prime?
True
Let m(o) be the third derivative of 11*o**6/30 + o**5/60 - o**4/12 + 3*o**3/2 - 26*o**2. Is m(4) prime?
True
Let x = 2798 - 1807. Is x a prime number?
True
Suppose 6*n = 31*n + 9850. Let c(q) = q - 137. Let b be c(0). Let i = b - n. Is i a prime number?
True
Let l = -52 + 7. Let o = 166 - l. Is o a composite number?
False
Let z be -4*(0 + 1/(-2)). Suppose j = -0 + z. Suppose -5*l + 763 = -4*n - 282, 2*l - j*n - 416 = 0. Is l a prime number?
False
Suppose -3*i + 2 = 8. Let c be -12*((-20)/(-6) + i). Let s = 161 + c. Is s composite?
True
Is (-348)/29 + (24373 - 2) composite?
False
Is (63/6)/(-3)*1118536/(-322) prime?
False
Let q be (-591)/(6/(-20) + 0). Let m = q - 493. Is m a composite number?
True
Suppose -w = -0 - 5. Suppose v = 2, -8433 = -2*k + w*v + 6787. Is k composite?
True
Is 12/10 - 657501/(-345) composite?
False
Let h(f) = -f + 14. Let w be h(11). Suppose 2*s + n - 1887 + 134 = 0, -w*s = -2*n - 2633. Is s composite?
False
Suppose 5*m = 12*m - 36827. Is m prime?
True
Let t be (-3144)/3*1/2. Let i = t + 750. Is i composite?
True
Let o(y) = -y**3 - 5*y**2 + 3*y + 6. Let c be o(-4). Let x = 17 + c. Is -3 - x - 35*-1 prime?
True
Suppose 0 = 2*x + 6 - 0, 3*p - 12378 = -4*x. Let y = -1521 + p. Is y prime?
True
Suppose 35 = z - 31. Suppose 0 = -3*q + 4*x - 37, -2*q - 64 + 24 = 5*x. Let c = z + q. Is c a composite number?
True
Let j(z) = z**3 - 14*z**2 + 13*z + 11. Let y be j(13). Suppose -5090 = y*s - 16*s. Is s prime?
False
Suppose 19*p + 8*p - 174339 = 0. Is p prime?
False
Let s = 120 - 110. Suppose s*j - 24832 = 318. Is j composite?
True
Let x be ((-642)/24)/(-1*1/(-4)). Let r be (-2229)/12 + (-2)/8. Let p = x - r. Is p a composite number?
False
Let m(r) = r**3 + 2*r**2 - 4*r - 1. Let o be m(-3). Suppose -w - o*q + 549 = 0, 2144 = 4*w - 0*q - 5*q. Is w a composite number?
False
Let h = -14326 - -31041. Is h prime?
False
Suppose -5*c + 10 = -2*z, 3*z + 4*c + c + 15 = 0. Let m = z + 7. Suppose -m*t - 8*o + 62 = -4*o, -3*t = 4*o - 99. Is t prime?
True
Let h(f) = 4*f**2 - 7*f - 14. Suppose -13*l + 32 = -17*l. Is h(l) composite?
True
Suppose 10*k = 17*k - 8365. Is k a prime number?
False
Let b = -9 - -6. Let l be (-6)/((4 + b)*-2). Is (3 - l) + 1 + 21 composite?
True
Let r = 48279 - 22756. Is r composite?
False
Is (-140)/350 + (-18807)/(-5) composite?
False
Suppose 3*g + 11 = 4*w, -25 = -5*g - 0*w - 2*w. Suppose -7*a - 32 = -3*a + 5*i, -7 = 5*a - 2*i. Is (-140)/4*g/a a composite number?
True
Suppose -2*u + 790 = y - 5902, 0 = -5*y + u + 33405. Suppose -5*h = -2*c + 2659, 3*c + 2*c - h - y = 0. Is c composite?
True
Let y be (6/15)/(3/30). Suppose 2*r - 6 = y. Suppose -r*a + 2092 = -1023. Is a composite?
True
Let j(k) = 19*k**2 - 3*k + 1. Suppose -6*n + 3 - 27 = 0. Is j(n) a prime number?
True
Let b(u) be the second derivative of 2*u**5/5 - u**4/4 - u**3/3 - 2*u**2 - 28*u. Suppose 15 = 3*z - 0*z, 5*f + 4*z - 35 = 0. Is b(f) prime?
True
Let w(m) = 104*m**2 + 8*m + 19. Is w(-5) a composite number?
False
Let f(j) = -2*j**3 - 5*j**2 - 4*j - 9. Let g be f(-6). Suppose -3 - 12 = -3*n. Is (n/(-3) - -2)*g a prime number?
True
Let r be (-1)/(-3 + (-11)/(-4)). Suppose -234 = -a - r*d, 0 = 4*a + 5*d - 2*d - 910. Suppose h - a = -h. Is h prime?
True
Suppose 1362 + 170321 = 4*s - 3*v, 2*s - 85859 = 5*v. Is s a composite number?
True
Suppose -5*o - 4760 = 3*q - 25611, -5*q = 3*o - 34741. Is q prime?
True
Let v(k) = 2*k + 66. Let h(f) = -f - 22. Let o(s) = -11*h(s) - 4*v(s). Let w be o(9). Let m(y) = 26*y**2 + 5*y - 8. Is m(w) prime?
False
Suppose -4*b - 4*v + 68 = 0, 46 = 5*b + v - 39. Let a be (b*-1)/((-5)/25). Suppose -t + 2*t - a = 0. Is t a prime number?
False
Let c(h) = 3*h**2 - 2*h**2 - 2*h**2 + 0*h - 6*h. Let g be c(-6). Suppose 0 = -g*d - 5*d + 445. Is d prime?
True
Let r = -7 + 11. Suppose 3236 = r*v - 0*v. Is v a composite number?
False
Let f(s) = -13*s**3 + 15*s**2 + 10*s - 19. Is f(-5) a composite number?
False
Is (-425579)/(-121) + (-12)/66 composite?
False
Is (-218740)/8*12/(-15) composite?
True
Let i be -982*(1 - (-16)/(-4)). Suppose 3*v = -75 + i. Suppose b = 4*k - 508 - 1407, 0 = -2*k + b + v. Is k composite?
False
Let d = 15143 + -6297. Is d composite?
True
Suppose 3*q + 24*q - 761778 = 0. Is q composite?
True
Suppose 6084 = 2*m - 0*v - 2*v, 0 = m + 2*v - 3057. Is m a composite number?
True
Let i = -751 + 510. Let u(g) = 494*g**2 - 5*g - 7. Let n be u(-1). Let c = n + i. Is c prime?
True
Is 28/(-154) + (-34905)/(-11) a prime number?
False
Suppose -11 + 17 = 6*u. Is u/((-6)/2)*-1221 a prime number?
False
Is -3 + -3 + 8 + 3681 a composite number?
True
Let j be 4 - -1369 - (6 - 2). Let f = 2072 - j. Is f a prime number?
False
Let v(c) = 2*c**2 - c - 10. Let n be v(3). Suppose -28 = n*p - 303. Is p prime?
False
Let o(j) = 3*j**3 - 24*j**2 - 44*j + 199. Is o(22) composite?
False
Suppose -3*z = -0*z - 22827. Suppose 5*a - z = -3*t, -6*a = -a - 2*t - 7619. Is a composite?
False
Let t(d) = -44*d**3 - 5*d**2 + 8*d - 1. Let b be t(2). Let u = -134 - b. Is u a composite number?
False
Let s be 2/(-10)*0 + 232. Suppose -3*g = -s - 149. Is g composite?
False
Let p(c) = -2*c**2 + 15*c + 11617. Is p(0) prime?
True
Suppose 0 = -2*p - 2*h + 91292, 3*h = 11 - 2. Is p prime?
False
Let s = -11 - -15. Let h be 10/s*(-42)/(-35). Suppose -2*z + 37 = 2*m + h*z, 0 = 5*m - 4*z - 109. Is m a composite number?
True
Suppose 144*k = 147*k - 6. Let f be 2 + -2*(-3 - -2). Suppose 774 = k*t - 2*l, -1556 = -f*t + l + l. Is t a composite number?
True
Let g(f) = f**3 - 19*f**2 - 36*f - 7. Let h(z) = 24*z**2 - 2*z. Let p be h(1). Is g(p) prime?
True
Let x = -68 + 74. Is (24/(-42))/(x/(-231)) a composite number?
True
Let s = 5 - 11. Let u(z) = z + 6. Let w be u(s). Suppose -r = -5*o + 15, 0 = -2*o - w*o + 4*r + 6. Is o prime?
True
Let z be ((-138)/(-15))/((-6)/(-15)). Suppose -2*f - z = -3*x - 9, 3*f = -3*x + 9. Suppose 5*y - 995 = -2*v, -406 = x*y + 3*v - 1195. Is y composite?
True
Let u(i) = -38*i + 2. Let z be u(-5). Let t(g) = 15*g - 5. Let w be t(-8). Let q = z + w. Is q composite?
False
Suppose 0 = -3*p + p - 542. Suppose 8*b = 2386 + 1806. Let k = b + p. Is k composite?
True
Let t(m) = -1057*m + 298. Is t(-13) a composite number?
True
Suppose 3*o = 0, 2*o + 176280 + 21085 = 5*x. Is x prime?
False
Let f(n) = 3*n**3 - 35*n**2 + 19*n + 44. Is f(15) prime?
True
Is 46/(6*6/111906) prime?
False
Let y(s) = s**2 - 1. Let x be y(3). Is 115 + -4*4/x composite?
False
Let m(u) be the second derivative of 79*u**3/3 + 43*u**2/2 + 16*u. Is m(6) 